valuate -4 + 9 + (-6 - -8 - 7).
0
What is the value of (3 - -2) + -4 + 4?
5
What is the value of 3 - (2 + -1 + 1)?
1
What is 14 - (4 + (3 - (7 + -5)))?
9
8 + (2 + -3 - 5 - -2)
4
What is 0 + -1 + (-4 - -7)?
2
What is the value of 7 - (-12 - (12 - 41))?
-10
What is (6 - 9) + 7 + 2 + -7?
-1
What is the value of (2 - 2) + 40 + -41?
-1
(-4 - -1) + (17 - 1 - 13)
0
Evaluate -3 + (-5 - -8) + 0 + -5.
-5
Evaluate -4 - (2 + -2 - 3).
-1
Calculate (-10 - -6) + (5 + 2 - -2).
5
Calculate -15 - (-13 - -9 - 5).
-6
What is (3 - 12 - 0) + 1?
-8
What is -18 + 13 + 3 - (0 + 5)?
-7
-4 + (4 - 1) + 1 + -8
-8
What is -2 + (4 - (-1 + 7 - 7))?
3
(-18 - -13) + (0 - 1 - -2)
-4
Calculate 0 + -1 + -7 + 5 + 0.
-3
What is -2 + 1 - 2 - 0?
-3
-4 + (22 - 19) + -1 + 0
-2
Evaluate -1 + -4 - (0 + -4 + 3).
-4
4 - ((-1 - 3) + (6 - 2))
4
Evaluate (0 - 1) + (101 - 106).
-6
What is the value of (-8 + 4 - -5) + -4?
-3
Evaluate (-3 - -3) + 1 + -3 + 3.
1
Calculate (6 - 3) + (-1 - -2).
4
Evaluate 6 + (-9 - (-6 - 1)).
4
Calculate -8 + 9 - -2 - (7 - 2).
-2
Evaluate (3 + 0 - (2 - 1)) + 2.
4
Evaluate (1 - 3) + 0 - (-5 - -6).
-3
What is the value of -9 + (-7 - (-11 - -7) - -5)?
-7
What is the value of -6 + -1 + 10 + -3?
0
Calculate (5 - 13) + (-10 - -22).
4
What is (45 - 38) + (0 - -1 - 2)?
6
What is the value of -3 - (2 + -12 + 5)?
2
(1 - 3) + -6 + 7 + -1
-2
Evaluate -2 - -8 - (5 - (-9 - -2)).
-6
Calculate (6 + 1 + -3 - 9) + 1.
-4
-43 - -44 - (0 + -4)
5
Evaluate -6 + (-3 - -12 - 1).
2
Evaluate 0 + 2 + (0 - 3) + 6.
5
What is (65 - 58) + (2 - -2)?
11
Calculate (5 + -7 - -7 - -3) + -5.
3
Evaluate 0 + -7 + (-4 - -7).
-4
20 - 13 - (-1 + 2)
6
-2 + (-6 - (-4 - 1))
-3
-4 - (0 + 1 - (-2 + 2))
-5
What is the value of 2 + 2 + (-3 - -3) + -2?
2
Evaluate -16 - -18 - (-6 - -5).
3
What is -15 - -15 - (-12 + 9)?
3
Evaluate (-37 - -34) + (5 - -1) + -9.
-6
0 + -4 + 5 - 6
-5
Calculate -1 - (-1 - 4) - (47 - 42).
-1
What is the value of -2 + (2 - 2) + 4?
2
2 - (3 + -4) - 3 - 4
-4
(-1 - -1) + 4 + 0 + 2
6
What is -4 + 1 + 5 + (-3 - -2)?
1
(1 - (-4 - -6)) + 8 + -12
-5
Evaluate (-4 - -4 - 2) + 7 - 4.
1
Calculate -26 + 16 + 11 + -1 + 1.
1
What is the value of (0 - (0 - -4)) + -1?
-5
Calculate -9 + 4 + 2 + (-1 - -5).
1
Calculate -1 + 7 - (8 - 4).
2
Evaluate -6 - (2 - (2 + 1 + 0)).
-5
(1 - -10) + (61 - 70)
2
What is 0 + (-3 - -6) - (-2 - -1)?
4
Evaluate 0 - -1 - (-3 + 4 + -2).
2
Calculate 113 + -111 - (-1 + -1).
4
55 + -57 + (6 - -1)
5
What is 17 - ((-1 - -17) + -3)?
4
Calculate -20 + 32 + 0 + -5.
7
Calculate -2 + 3 + (-2 - -8).
7
2 + -4 + -3 + 1 + 5
1
Evaluate 1 + -21 + 105 + -95.
-10
(1 - 2) + (6 - 10) + -1
-6
Evaluate -7 - (6 - 5 - (-4 - -5)).
-7
3 - (9 + (-18 - -10))
2
What is 5 - 0 - (133 + -130)?
2
Calculate 49 + -50 - (-5 - (-1 - -1)).
4
Evaluate 3 - 11 - (-10 + 2).
0
What is (13 - 11) + 2 + -8?
-4
What is the value of 2 + 2 - 2 - 3?
-1
What is the value of 7 - -1 - (7 + -7) - 11?
-3
What is the value of 19 - 12 - (-3 + 8)?
2
Evaluate -12 + 9 + 6 - 1.
2
Evaluate 0 + 4 - (-4 + 5 + 0).
3
Evaluate -3 + 4 - -5 - 4.
2
0 - (-1 - 0 - 1 - 1)
3
(12 - 9) + (-4 - 1 - -3)
1
Calculate -3 + -2 - (-2 + 8 - 8).
-3
2 + -1 + -3 + (-9 - -12)
1
Calculate (3 - (8 - -1) - -2) + 5.
1
What is 2 - (3 + 3 - 4)?
0
Evaluate 2 - (10 + (3 - 11)).
0
Calculate (3 - 6) + 2 + -1 - 8.
-10
What is 4 + 1 + 1 + -2?
4
What is (1 - (-4 + 5 + -3)) + -1?
2
Evaluate -2 + 3 - 5 - 0 - 1.
-5
What is -7 + 11 - (13 - 0)?
-9
What is the value of -7 - (13 - 17) - (-1 + -5)?
3
Evaluate -11 + 7 + (-5 - -2).
-7
What is the value of (4 + 0 - 4) + 2 - 6?
-4
What is the value of (-48 - -48) + (-2 - 1) - 1?
-4
Evaluate (-5 - -1) + -6 + (-15 - -22).
-3
Evaluate 0 - ((9 - 7 - 8) + -1).
7
Evaluate 3 + 3 - (-6 + 13).
-1
(11 - 14) + (-4 - -9)
2
Calculate (-6 - (-2 - -4)) + (-2 - -6).
-4
What is the value of 0 + 0 - (-1 + -2)?
3
Evaluate 23 + -21 - (2 - -3) - -6.
3
Evaluate (4 + 0 - (32 - 27)) + -7.
-8
Evaluate (-7 + 9 - 7) + (10 - 1).
4
Evaluate (3 + 5 + -5 - 16) + 5.
-8
What is the value of (26 - 6) + -12 - 8?
0
(0 - -15) + -31 + 23
7
Evaluate -6 + (1 - -2 - (-4 + 6)).
-5
Evaluate (-1 + (-2 - -3) - 2) + -2.
-4
What is -2 - (14 + -16 - (1 + -1))?
0
What is 0 + -10 + 8 + 1?
-1
Calculate (12 - 6) + (-15 - 0).
-9
What is 6 - ((6 - 1) + -1)?
2
What is the value of -4 + (-3 - (-12 - -4))?
1
-2 + -3 + (-10 - -18)
3
Calculate -9 - (9 - 11) - -7.
0
What is 3 + 6 + -7 + -3 + -1?
-2
What is -3 + (1 + 1 - (3 - 8))?
4
21 - (3 - -10) - 1
7
Evaluate -1 + (-1 - -1) + 0 - -5.
4
9 + (-9 - (7 + -3))
-4
What is 1 - (1 + -1 + 1 - 3)?
3
Evaluate -10 - (7 - (-4 - -17)).
-4
What is the value of -1 + 3 + (-218 - -218)?
2
Evaluate 2 + -2 + 8 + -5.
3
Evaluate (12 + 7 - 10) + (-1 - 1).
7
Evaluate -2 - -7 - 8 - -4.
1
Calculate (15 - (-1 + 11)) + -7.
-2
What is the value of (-5 + -5 - -11) + 2?
3
What is the value of (2 - 2 - (2 - -2)) + 1?
-3
What is 7 - (-7 + 3 + 7)?
4
-1 + 2 - 8 - (-6 - -4)
-5
(4 - (5 - -2) - -5) + 6
8
What is (-2 + 2 - 0) + 3?
3
Evaluate (5 - 1) + -4 + -3.
-3
Calculate 2 + 1 + -1 + -4.
-2
5 - ((-11 - -5) + 11)
0
Evaluate -4 - 0 - (6 + -12 + 5).
-3
Evaluate 0 + 7 - (123 - 111).
-5
What is (1 - -2 - 2 - 3) + 5?
3
Calculate -1 + (3 - -4) + (-2 - 3).
1
What is the value of 2 + -1 - (3 + -2)?
0
-2 + (2 - 2) + 3
1
What is 1 + -2 + (-1 - 1) + 8?
5
Evaluate 5 + -5 + (0 - (0 - -2)).
-2
What is the value of -7 + 0 - -7 - (-3 + 2)?
1
Evaluate 3 + (-3 - 0) + (1 - -1).
2
-4 + -1 - (-5 + -4 + 6)
-2
What is -5 + 10 + (4 - (8 - 4))?
5
What is -3 + 0 + 6 + -2 + -5?
-4
What is -1 + 3 + (3 - 0)?
5
(-3 - (3 + -8)) + (-2 - 1)
-1
What is the value of 0 - ((-1 - 2) + 4 + -5)?
4
Evaluate -1 + 0 - (5 + -8 - -7).
-5
Calculate (-1 - -3) + -3 + 4 + -5.
-2
Calculate 3 + -1 + -3 + -1 + -3.
-5
What is the value of -16 - (-6 + -5) - -7?
2
What is the value of 3 + (-4 - ((-6 - -4) + 0))?
1
Calculate 14 + -9 + -4 + 1.
2
-1 - ((-2 - 1) + 3 - 0)
-1
What is (9 - 11) + (0 - 0)?
-2
What is the value of -5 + 1 - (-10 + 6)?
0
What is the value of 2 - (1 + -3) - (21 - 14)?
-3
What is (7 - (-1 - -3)) + -11?
-6
What is the value of -4 + -5 - (3 - 7)?
-5
What is 6 + -5 + -7 - -10?
4
-3 - 2 - (-9 + -1)
5
Evaluate 18 - (25 - 2) - (-4 - -2).
-3
-6 + (4 + -6 + 9 - 1)
0
What is the value of (2 - -20) + -18 - (-5 - -1)?
8
What is the value of -6 + 31 + -15 - (6 + 1)?
3
Evaluate (5 - 5 - 0) + 5 - 0.
5
-6 - (7 - 11 - 0)
-2
What is 34 + -36 + (1 - 3 - 0)?
-4
What is -1 - -4 - (7 + -6)?
2
Calculate 4 + -5 - -1 - 2.
-2
(-1 - -3) + -2 + 3 + -11
-8
What is the value of 4 + -9 + 6 + -3 + 0?
-2
Calculate 7 + (0 - 12) - -9.
4
What is the value of 3 - (3 - (0 - 1))?
-1
Calculate (2 - 4) + (-2 - -8).
4
What is 9 - (-6 - (-5 + (-1 - 4)))?
5
Calculate (-2 - 0) + 5 + -2 + -3.
-2
Calculate (-3 - 1) + 5 + 0.
1
(0 - (-2 - -3)) + 1
0
6 + -6 + 0 + 4 - 2
2
What is the value of 4 + (1 - (2 + -2 - -1))?
4
5 + 1 + (-7 - -3) - 2
0
What is the value of -7 - -6 - -2 - -2?
3
What is 2 - (-1 + -1) - 4?
0
Evaluate 4 + (-7 + 4 - 5).
-4
What is the value of 6 - ((2 - 2) + 2) - -4?
8
What is the value of -6 + (12 - (6 + -1))?
1
Calculate 2 - ((4 - 3) + 3).
-2
What is the value of -6 + 3 + -3 + 4?
-2
(3 - (13 - 2)) + (12 - 7)
-3
What is 6 + 0 - (1 - -4) - 4?
-3
Calculate 2 - (-4 - -8 - -1 - 4).
1
Evaluate 1 - 3 - (-5 - -6) - 5.
-8
What is -5 + -12 + (0 - -7) + 3?
-7
What is the value of 5 + 7 - (-8 + 23)?
-3
Evaluate -10 - -7 - (-2 + 3 + -2).
-2
Evaluate -2 - (-5 - (-4 - -2)).
1
Evaluate -87 - -78 - (-2 + -4).
-3
Calculate (-7 + -1 + 7 - -7) + -7.
-1
What is the value of -3 - (-20 + (0 - -7) - -7)?
3
What is 0 - (16 + -12 + (-3 - 0))?
-1
What is the value of 12 + -5 - (23 - 11)?
-5
What is the value of 29 + -20 - (2 + -1 + 3)?
5
Evaluate 8 - (1 + 4 - -2).
1
-5 + (8 + -8 + -8 - -15)
2
What is -6 - (3 - 0 - (31 + -20))?
2
What is -6 - (-8 + 0 + 37 + -42)?
7
Calculate -2 + 5 + (1 - 3).
1
Evaluate -17 + 2 - -15 - (1 + -4).
3
Evaluate (7 - -3) + (32 - 37).
5
Calculate (0 - 4) + (-6 - -10) + 1.
1
What is the value of -10 + 5 + (-2 - -7 - 3)?
-3
What is the value of 9 - (3 - 0 - -1)?
5
Evaluate -12 + 1 + 3 + 11.
3
What is -5 - (-5 + (2 - 1))?
-1
What is 4 + -3 - (0 + 5) - -2?
-2
1 - 16 - (-81 + 70)
-4
What is 0 + -2 - (-6 - -7)?
-3
What is 13 - (-6 - (-13 + 7 - 7))?
6
Calculate -2 + (-4 - (-1 + -7)).
2
What is the value of 4 + -1 + (2 - (10 + -6))?
1
Calculate 0 + -5 +